{"id":87,"date":"2022-11-06T18:25:03","date_gmt":"2022-11-06T16:25:03","guid":{"rendered":"https:\/\/sinitpro.ba\/?page_id=87"},"modified":"2024-02-01T13:52:24","modified_gmt":"2024-02-01T11:52:24","slug":"racunari-i-laptopi","status":"publish","type":"page","link":"https:\/\/sinitpro.ba\/?page_id=87","title":{"rendered":"Ra\u010dunari i laptopi"},"content":{"rendered":"\n<p>Istra\u017eite na\u0161 \u0161irok spektar ra\u010dunara i laptopa koji odgovaraju svim potrebama, od profesionalnih radnih stanica do gaming laptopa. Svi na\u0161i proizvodi su pa\u017eljivo odabrani kako bismo zadovoljili najnovije tehni\u010dke standarde i pru\u017eili vrhunske performanse za na\u0161e klijente prema njihovim zahtjevima. Imate pitanja ili \u017eelite vi\u0161e informacija? Kontaktirajte nas putem email-a it@sinitpro.ba ili telefonom na +387 61 414 008.<\/p>\n","protected":false},"excerpt":{"rendered":"<p>Istra\u017eite na\u0161 \u0161irok spektar ra\u010dunara i laptopa koji odgovaraju svim potrebama, od profesionalnih radnih stanica do gaming laptopa. Svi na\u0161i proizvodi su pa\u017eljivo odabrani kako bismo zadovoljili najnovije tehni\u010dke standarde i pru\u017eili vrhunske performanse za na\u0161e klijente prema njihovim zahtjevima. Imate pitanja ili \u017eelite vi\u0161e informacija? Kontaktirajte nas putem email-a it@sinitpro.ba ili telefonom na +387 [&hellip;]<\/p>\n","protected":false},"author":1,"featured_media":0,"parent":0,"menu_order":0,"comment_status":"closed","ping_status":"closed","template":"","meta":{"_eb_attr":"","site-sidebar-layout":"default","site-content-layout":"","ast-site-content-layout":"default","site-content-style":"default","site-sidebar-style":"default","ast-global-header-display":"","ast-banner-title-visibility":"","ast-main-header-display":"","ast-hfb-above-header-display":"","ast-hfb-below-header-display":"","ast-hfb-mobile-header-display":"","site-post-title":"","ast-breadcrumbs-content":"","ast-featured-img":"","footer-sml-layout":"","ast-disable-related-posts":"","theme-transparent-header-meta":"","adv-header-id-meta":"","stick-header-meta":"","header-above-stick-meta":"","header-main-stick-meta":"","header-below-stick-meta":"","astra-migrate-meta-layouts":"set","ast-page-background-enabled":"default","ast-page-background-meta":{"desktop":{"background-color":"var(--ast-global-color-4)","background-image":"","background-repeat":"repeat","background-position":"center center","background-size":"auto","background-attachment":"scroll","background-type":"","background-media":"","overlay-type":"","overlay-color":"","overlay-opacity":"","overlay-gradient":""},"tablet":{"background-color":"","background-image":"","background-repeat":"repeat","background-position":"center center","background-size":"auto","background-attachment":"scroll","background-type":"","background-media":"","overlay-type":"","overlay-color":"","overlay-opacity":"","overlay-gradient":""},"mobile":{"background-color":"","background-image":"","background-repeat":"repeat","background-position":"center center","background-size":"auto","background-attachment":"scroll","background-type":"","background-media":"","overlay-type":"","overlay-color":"","overlay-opacity":"","overlay-gradient":""}},"ast-content-background-meta":{"desktop":{"background-color":"var(--ast-global-color-5)","background-image":"","background-repeat":"repeat","background-position":"center center","background-size":"auto","background-attachment":"scroll","background-type":"","background-media":"","overlay-type":"","overlay-color":"","overlay-opacity":"","overlay-gradient":""},"tablet":{"background-color":"var(--ast-global-color-5)","background-image":"","background-repeat":"repeat","background-position":"center center","background-size":"auto","background-attachment":"scroll","background-type":"","background-media":"","overlay-type":"","overlay-color":"","overlay-opacity":"","overlay-gradient":""},"mobile":{"background-color":"var(--ast-global-color-5)","background-image":"","background-repeat":"repeat","background-position":"center center","background-size":"auto","background-attachment":"scroll","background-type":"","background-media":"","overlay-type":"","overlay-color":"","overlay-opacity":"","overlay-gradient":""}},"footnotes":""},"class_list":["post-87","page","type-page","status-publish","hentry"],"_links":{"self":[{"href":"https:\/\/sinitpro.ba\/index.php?rest_route=\/wp\/v2\/pages\/87","targetHints":{"allow":["GET"]}}],"collection":[{"href":"https:\/\/sinitpro.ba\/index.php?rest_route=\/wp\/v2\/pages"}],"about":[{"href":"https:\/\/sinitpro.ba\/index.php?rest_route=\/wp\/v2\/types\/page"}],"author":[{"embeddable":true,"href":"https:\/\/sinitpro.ba\/index.php?rest_route=\/wp\/v2\/users\/1"}],"replies":[{"embeddable":true,"href":"https:\/\/sinitpro.ba\/index.php?rest_route=%2Fwp%2Fv2%2Fcomments&post=87"}],"version-history":[{"count":3,"href":"https:\/\/sinitpro.ba\/index.php?rest_route=\/wp\/v2\/pages\/87\/revisions"}],"predecessor-version":[{"id":203,"href":"https:\/\/sinitpro.ba\/index.php?rest_route=\/wp\/v2\/pages\/87\/revisions\/203"}],"wp:attachment":[{"href":"https:\/\/sinitpro.ba\/index.php?rest_route=%2Fwp%2Fv2%2Fmedia&parent=87"}],"curies":[{"name":"wp","href":"https:\/\/api.w.org\/{rel}","templated":true}]}}